{"id":158,"date":"2025-08-26T19:55:30","date_gmt":"2025-08-26T17:55:30","guid":{"rendered":"https:\/\/www.lasupermarquette.com\/index.php\/produit\/coupe-sur-pied\/"},"modified":"2026-04-15T21:12:57","modified_gmt":"2026-04-15T19:12:57","slug":"coupe-sur-pied","status":"publish","type":"product","link":"https:\/\/www.lasupermarquette.com\/index.php\/produit\/coupe-sur-pied\/","title":{"rendered":"Coupe sur pied en m\u00e9tal argent\u00e9"},"content":{"rendered":"<p>Coupe sur pied ann\u00e9es 20 en m\u00e9tal argent\u00e9. Joli d\u00e9tail de texture martel\u00e9e.<\/p>\n<p>Ideal en centre de table ou en vide-poche.<\/p>\n","protected":false},"excerpt":{"rendered":"<p>Coupe sur pied ann\u00e9es 20 en m\u00e9tal argent\u00e9. Joli d\u00e9tail de texture martel\u00e9e. Ideal en centre de table ou en vide-poche.<\/p>\n","protected":false},"featured_media":154,"comment_status":"open","ping_status":"closed","template":"","meta":[],"product_cat":[28,19],"product_tag":[],"class_list":{"0":"post-158","1":"product","2":"type-product","3":"status-publish","4":"has-post-thumbnail","6":"product_cat-deco","7":"product_cat-table","9":"first","10":"instock","11":"sold-individually","12":"shipping-taxable","13":"purchasable","14":"product-type-simple"},"_links":{"self":[{"href":"https:\/\/www.lasupermarquette.com\/index.php\/wp-json\/wp\/v2\/product\/158","targetHints":{"allow":["GET"]}}],"collection":[{"href":"https:\/\/www.lasupermarquette.com\/index.php\/wp-json\/wp\/v2\/product"}],"about":[{"href":"https:\/\/www.lasupermarquette.com\/index.php\/wp-json\/wp\/v2\/types\/product"}],"replies":[{"embeddable":true,"href":"https:\/\/www.lasupermarquette.com\/index.php\/wp-json\/wp\/v2\/comments?post=158"}],"wp:featuredmedia":[{"embeddable":true,"href":"https:\/\/www.lasupermarquette.com\/index.php\/wp-json\/wp\/v2\/media\/154"}],"wp:attachment":[{"href":"https:\/\/www.lasupermarquette.com\/index.php\/wp-json\/wp\/v2\/media?parent=158"}],"wp:term":[{"taxonomy":"product_cat","embeddable":true,"href":"https:\/\/www.lasupermarquette.com\/index.php\/wp-json\/wp\/v2\/product_cat?post=158"},{"taxonomy":"product_tag","embeddable":true,"href":"https:\/\/www.lasupermarquette.com\/index.php\/wp-json\/wp\/v2\/product_tag?post=158"}],"curies":[{"name":"wp","href":"https:\/\/api.w.org\/{rel}","templated":true}]}}