{"id":162,"date":"2025-08-26T20:03:38","date_gmt":"2025-08-26T18:03:38","guid":{"rendered":"https:\/\/www.lasupermarquette.com\/index.php\/produit\/verres-a-digestif-bleu-turquoise\/"},"modified":"2025-08-26T20:03:39","modified_gmt":"2025-08-26T18:03:39","slug":"verres-a-digestif-bleu-turquoise","status":"publish","type":"product","link":"https:\/\/www.lasupermarquette.com\/index.php\/produit\/verres-a-digestif-bleu-turquoise\/","title":{"rendered":"Verres \u00e0 digestif bleu turquoise"},"content":{"rendered":"<p>Jolis verres \u00e0 digestif au design 70s : pied \u00e9pais et fond arrondi. Tarente.<\/p>\n","protected":false},"excerpt":{"rendered":"<p>Jolis verres \u00e0 digestif au design 70s : pied \u00e9pais et fond arrondi. Tarente.<\/p>\n","protected":false},"featured_media":160,"comment_status":"open","ping_status":"closed","template":"","meta":[],"product_cat":[19],"product_tag":[],"class_list":{"0":"post-162","1":"product","2":"type-product","3":"status-publish","4":"has-post-thumbnail","6":"product_cat-table","8":"first","9":"instock","10":"sold-individually","11":"shipping-taxable","12":"purchasable","13":"product-type-simple"},"_links":{"self":[{"href":"https:\/\/www.lasupermarquette.com\/index.php\/wp-json\/wp\/v2\/product\/162","targetHints":{"allow":["GET"]}}],"collection":[{"href":"https:\/\/www.lasupermarquette.com\/index.php\/wp-json\/wp\/v2\/product"}],"about":[{"href":"https:\/\/www.lasupermarquette.com\/index.php\/wp-json\/wp\/v2\/types\/product"}],"replies":[{"embeddable":true,"href":"https:\/\/www.lasupermarquette.com\/index.php\/wp-json\/wp\/v2\/comments?post=162"}],"wp:featuredmedia":[{"embeddable":true,"href":"https:\/\/www.lasupermarquette.com\/index.php\/wp-json\/wp\/v2\/media\/160"}],"wp:attachment":[{"href":"https:\/\/www.lasupermarquette.com\/index.php\/wp-json\/wp\/v2\/media?parent=162"}],"wp:term":[{"taxonomy":"product_cat","embeddable":true,"href":"https:\/\/www.lasupermarquette.com\/index.php\/wp-json\/wp\/v2\/product_cat?post=162"},{"taxonomy":"product_tag","embeddable":true,"href":"https:\/\/www.lasupermarquette.com\/index.php\/wp-json\/wp\/v2\/product_tag?post=162"}],"curies":[{"name":"wp","href":"https:\/\/api.w.org\/{rel}","templated":true}]}}